 the first derivative of -1/2*r**2 + r - 1/4*r**4 - 5/3*r**3 + 1. Let z = -39 - -34. What is w(z)?
6
Let t = 13 + -6. Let z(o) = 5*o**2 + 11. Suppose 0*m + 25 = 5*m - 4*s, m - s - 5 = 0. Let q(w) = -4*w**2 - w - 10. Let p(r) = m*z(r) + 6*q(r). Determine p(t).
2
Let u(v) be the first derivative of -48 - 3*v + 3/2*v**2. Give u(4).
9
Suppose 12*b - 58 = -10. Let w(u) be the second derivative of u**2 + 1/3*u**b + 1/2*u**3 + 1/20*u**5 + 0 + 6*u. Determine w(-3).
2
Let s be -4 - (-10)/3 - (-34)/6. Suppose -3*y = -x - 11, -4*y + 11 = -s. Let w(b) = 6*b**3 - b. What is w(x)?
5
Suppose 190 = 3*f + 4*q, -2*f - 4*q + 260 = 2*f. Suppose 5*l + 4*h + h = f, 3*h + 42 = 3*l. Let d(s) = s**2 - 12*s - 20. Give d(l).
8
Let t(u) = u**2 - 3*u. Suppose 2*n + 5*m = 21, -4*m = 4*n - 6*n - 6. Let b = 3 + -3. Suppose y - w = -b*w + 9, 5*y + n*w - 5 = 0. What is t(y)?
4
Let m(r) be the third derivative of -r**6/120 + r**5/15 + r**4/12 - r**3 - 58*r**2. Determine m(4).
2
Let p(n) = -4*n - 13. Let g be p(-2). Let j(z) = 4*z**2 + 14*z - 6. Let k(y) = y**2 + y. Let q(d) = g*k(d) + j(d). Give q(7).
8
Let h = -10 - -9. Let v(n) = 5*n. Let w(r) be the second derivative of -r**3/6 + 6*r. Let s(b) = -v(b) - 4*w(b). What is s(h)?
1
Let f(p) = p - 2. Let a be 80/24*(-42)/4. Let i = 32 + a. Determine f(i).
-5
Suppose 13*g = 18*g - 10. Let t(n) = -g + 0 + 2*n - n. Calculate t(0).
-2
Let x(m) be the third derivative of m**6/120 + m**5/20 - m**4/8 + 2*m**3/3 + m**2. Let d be (1/3)/(183/(-1647)). Determine x(d).
13
Let o = 11 + 7. Let r be (24/o)/((-2)/(-9)). Suppose 4*k - 3*l = 10, -3*k + r*l - l + 2 = 0. Let s(y) = 2*y - 3. Calculate s(k).
5
Let w be (0 + 2)/(2/3). Suppose 0 = -3*i + 5*g - g - 17, w*g = -3. Let p(o) = -o**3 - 6*o**2 + 7*o + 5. What is p(i)?
5
Let b(i) = -3 - i - 2*i - i. Suppose -5*w - 44 = -3*z - 53, 5*w + 12 = -4*z. Give b(z).
9
Let c = 16 + -11. Let w(i) be the first derivative of i - 2 + 2 - 2 - c*i**2. Give w(-1).
11
Let o(z) = -4*z**2 + z + 2. Let b(x) = x**2 - 1. Let v be 5 - (0 - -2 - -2). Let l(w) = v*o(w) + 5*b(w). Determine l(0).
-3
Let i(c) = -4*c - 1. Let x(y) = y. Let w(k) = -i(k) - 5*x(k). Let t = -36 - -59. Let o = t - 15. Give w(o).
-7
Suppose 5*d - 12 - 3 = 0. Let n(l) = l + 7. Let c be n(-6). Let q(u) = 24*u**3 - 23*u**3 + 2 + u - 3*u**2 - c. What is q(d)?
4
Suppose 0 = -6*q + 2*q + 8. Let c be 42/3 + 2 + q. Let f(v) = -8 - c*v - 2 + 16*v. Give f(-7).
4
Let d = 159 + -155. Suppose 0 = -3*m + 4*b - b + 12, 0 = -4*m - 4*b + 8. Let z(p) = 3 - p**2 - 4*p**2 - 6 + p**m + 6*p. Determine z(d).
5
Let b(z) = -16 - 6*z - z**2 + 7 - 7*z + 4*z. Let g be b(-8). Let q(w) = 17*w**2 + 2*w + 1. Determine q(g).
16
Let k(r) = -7*r**2 + 7*r + 32. Let h(n) = -11*n**2 + 11*n + 48. Let x(v) = -5*h(v) + 8*k(v). Suppose 4*t = 5*u + 10, t - 3 = 5*u + 7. Determine x(t).
16
Let o(s) be the second derivative of s**3/2 - 7*s**2/2 - 53*s + 2. Determine o(4).
5
Let h(z) = 49*z - 12. Let l(s) = -78*s + 18. Let i(q) = -8*h(q) - 5*l(q). Determine i(3).
0
Let i = -10 + 12. Let x(l) = -i*l**2 - 3*l - 2 - 1 + 6 + l**3. Let q be x(3). Let s(n) = 3*n + 4. What is s(q)?
13
Let y(n) = 9*n + 3. Let j(m) = m**2 - 2*m - 37. Let r be j(-5). Calculate y(r).
-15
Let w(y) be the first derivative of y**3/3 - 7*y**2/2 - y + 48. Determine w(5).
-11
Let a(p) = 22*p**2 - 8*p - 13. Let h(c) = 5*c**2 - 2*c - 3. Let v(o) = 2*a(o) - 9*h(o). Let i(b) = b**2 + b + 3. Let y be i(0). What is v(y)?
-2
Let y(g) = -g**2 - g + 4. Let f be y(-3). Let a(k) = k**3 - k - 1. Let h(z) = -3*z**3 - 6*z**2 + 2*z - 1. Let d(m) = f*a(m) - h(m). Calculate d(-6).
3
Let t(k) = -5*k + 121. Let s be t(24). Let i(z) = 24*z - 1. Give i(s).
23
Let k(q) be the first derivative of q**2 + q + 1. Let i be (-6)/14 - 24/(-56) - 1. What is k(i)?
-1
Let b(n) = n**3 + 5*n**2 - 5*n + 8. Suppose 0 = -6*k + 155 + 43. Let x = 27 - k. What is b(x)?
2
Let i = 28 - 14. Let c = 13 - i. Let f(o) be the first derivative of o**4/2 - o**3/3 - o**2 - o - 1. Calculate f(c).
-2
Let t(q) be the first derivative of -7*q**2/2 - 22*q + 211. What is t(-4)?
6
Let n(c) = 48*c**3 + 2*c**2 + 2*c + 1. Let q be (2/(-4))/(24/48). Determine n(q).
-47
Let r(b) = -b**2 - 4*b. Let p be r(-3). Let f(d) = p*d**2 + 8*d + 3*d**2 - 7*d. Determine f(1).
7
Let t(r) = r**2 + 2*r - 10. Let x(z) = -z**2 - 2*z - 2. Let f be x(-3). Let w be t(f). Let j(g) = g - 4. Determine j(w).
1
Let y(m) = 7*m**2 + 2*m - 1. Let p be y(-1). Suppose 0 = -3*d - p*d + 49. Let u(k) = -k**3 + 6*k**2 + 5*k + 7. Calculate u(d).
-7
Let n(d) = -3*d**2 + 3. Let k(q) = -10*q**2 + q + 12. Let h(f) = -k(f) + 3*n(f). What is h(-4)?
17
Let r be ((3 - -2) + 1)*1. Suppose 15 = 6*d - 15. Let z(n) = -n**2 + d*n**2 + 4 - r*n**2 + n**2 + 6*n. Calculate z(6).
4
Let g(m) = -m**2 - 4*m - 3. Suppose -3*a = -3, -5*a - 12 = -5*z - 2*a. Let w(n) = 7 + n - z + 6. Let r be w(-12). What is g(r)?
1
Let p(s) = -s**2 - 7*s + 6. Suppose -18*r = -6*r + 96. Give p(r).
-2
Let v be (33/154*7)/(1/(-2)). Let q(h) = 6*h**3 - 9*h**2 + 11*h + 5. Let i(k) = -k**3 + 2*k**2 - 2*k - 1. Let u(n) = 11*i(n) + 2*q(n). What is u(v)?
8
Suppose 18*m - 652 = 14. Let g = m - 32. Let h(k) = -k**2 + 5*k - 4. Give h(g).
-4
Let m(o) = -4*o - 4. Let l be 11/33*(0 - -36). Let g = l - 9. Let v(b) = -b. Let j be v(g). Determine m(j).
8
Let t(w) = -7*w + 18. Let l(x) = x**3 - 5*x**2 + 42*x - 148. Let r be l(4). Determine t(r).
-10
Let i(g) = -g**2 - 2*g - 3. Let u = 58 - 71. Let r(q) = -5*q - 67. Let f be r(u). Determine i(f).
-3
Suppose 25*l - 33 = -8. Let t(f) = -10*f**3 - f + 0 - 1 + 3*f. Calculate t(l).
-9
Let n = 120 - 96. Let j be 12/9*(-9)/(-6). Let g(a) = 17*a**3 - 2 + 5*a**j - 42*a**3 - 2*a + n*a**3. Give g(5).
-12
Let p be 0*1/(1*-2). Let s = p + -5. Let w(c) = c - 100 + 291 - 93 - 93. What is w(s)?
0
Let g(p) = -5*p**2 + p. Let o(w) = w**2 + w. Let t = 52 - 51. Let j(c) = t*g(c) + 6*o(c). Let i = 10 - 16. Determine j(i).
-6
Let j(h) = h - 1. Suppose 0*u = -4*u - 5*c - 4, 0 = -4*u - 4*c. Give j(u).
3
Suppose 0 = 7*j - 55 + 13. Suppose 0 = 54*w - 60*w - j. Let l(u) = u + 2. Calculate l(w).
1
Let p(q) = -q**3 - 4*q**2 + 3. Let k(i) = 25*i - 154. Let u be k(6). What is p(u)?
3
Let o(a) = -a**3 - 16*a**2 - 2*a - 12. Let s(d) = -d**3 - 14*d**2 - 2*d - 10. Let p(k) = -4*o(k) + 5*s(k). Let j = 9 - 15. Calculate p(j).
10
Let b be (2 - 0)/((-3)/(-3)). Let k(i) = 6*i**2 - 6*i - 4*i**2 - 4 + 3 - i**b. Determine k(4).
-9
Let r(j) = -21*j - 2. Let t be r(1). Let s = 22 + t. Let a(p) = -2*p**3 - 2*p**2 - p. Calculate a(s).
1
Let w(i) be the first derivative of i**4/4 - 2*i**3/3 + i**2/2 + 35. Let j be 20/15 + (-2)/(-3). Give w(j).
2
Suppose 5*d + 19 = p, -10 = -2*p - 4*d - 0. Let i(z) = p*z - 9*z - z. What is i(-1)?
1
Let o(w) = 8*w + 6. Let d(m) = -23*m - 17. Suppose -29 = f - 12. Let u(g) = f*o(g) - 6*d(g). Give u(-1).
-2
Let x(w) = -w**2 - 1. Let m(r) = r**3 + 10*r**2 - 8*r + 9. Let v(b) = -m(b) - 3*x(b). Suppose 1262*q + 32 = 1258*q. Calculate v(q).
-6
Let d(l) = 5*l**2 + 2*l - 3. Let f be (-315)/(-168) - (-1)/8. Calculate d(f).
21
Suppose -v - 5 = -4*f - 20, v + 5*f = -21. Let i(d) = -28*d**2 + 2*d + 1. Calculate i(v).
-29
Let h(p) = p - 2. Let q(w) = w**2 - 1. Let v(s) = -s**3 - 4*s**2 - 3*s - 23. Let r(d) = 4*q(d) - v(d). Let k be r(-8). Give h(k).
-7
Let o(t) = -8*t - 3. Let c(f) be the first derivative of f**3/3 - 2*f**2 - 7*f + 8. Let z be c(5). Give o(z).
13
Let z(b) be the third derivative of b**4/24 - 2*b**3 + 41*b**2. What is z(8)?
-4
Let f(p) = 10*p**2 + 103*p - 6. Let b(g) = 3*g**2 + 31*g - 2. Let j(k) = -7*b(k) + 2*f(k). Give j(-9).
20
Let s = 1310 - 1313. Let v(p) = -4*p + 11. What is v(s)?
23
Let x(o) = 21 + 29 - 4*o + 26 - 80. Determine x(5).
-24
Let j(f) = -5*f**2 + 3*f**3 - 4*f**3 - 820 - 5*f + 822. Suppose 0 = 2*r + 4 + 4. What is j(r)?
6
Suppose g + 5*l = -15, 2*g + 3*g = -3*l - 9. Let n(k) = k**3 - k**2 + 11. Determine n(g).
11
Suppose -13*p + 123 = -7. Let u(n) = n - 13. Determine u(p).
-3
Let z(d) = 74287 - 74287 + 11*d. What is z(-1)?
-11
Let c be 2/(-6) - 1/((-30)/70). Let d(g) = -g**3 + 4*g**2 + 5*g - 9. Calculate d(c).
9
Let a(t) = -3*t - 19. Let l = 458 + -464. Determine a(l).
-1
Let x = 432 - 445. Let a(s) = -s**2 - 14*s - 8. Determine a(x).
5
Let o(u) = 6*u - 3. Let n(s) = -3*s + 1. Let z(x) = -7*n(x) - 4*o(x). Suppose 5*l - 4*